 is the remainder when g(4) is divided by 41?
36
Let i(n) = n - 2. Suppose -3*j - 2*p + 19 = 0, -j = 2*j - 2*p - 35. Calculate the remainder when j is divided by i(5).
0
Let w(i) = -i**2 - 9*i - 2. Suppose 4*h = 3*h - 1. Let c be (2/6)/(h/21). Calculate the remainder when 46 is divided by w(c).
10
Let p = 520 + -354. Calculate the remainder when p is divided by (19 - 38) + (-128)/(-4).
10
Calculate the remainder when 44 is divided by 20/4 + 4 + 6.
14
Suppose 2441 - 1276 = 5*i. What is the remainder when i is divided by 59?
56
Let p(u) = -u**2 + 32*u + 10. Let q(h) = h + 38. Let c be q(-19). What is the remainder when p(c) is divided by 52?
49
Let x(a) = 17*a + 33 + 27*a**2 - 57*a**2 + 7 + 31*a**2. What is the remainder when x(-18) is divided by 20?
18
Suppose -63 = -2*n + 19. Let d = 68 - n. Calculate the remainder when d is divided by 6.
3
Suppose -843*j = -838*j - 60. Calculate the remainder when 298 is divided by j.
10
Let q = -10 + 12. Let z be (6/2 - q) + 2. Calculate the remainder when (-3)/z*-1*58 is divided by 20.
18
Suppose -2*s + y + 292 = 0, -4*y = -2*s + 296 + 8. Calculate the remainder when s is divided by 49.
46
Let r = 358 + -350. What is the remainder when 365 is divided by r?
5
Let i(p) = 5*p - 41. Let u be i(9). Suppose -3*r + 0*r = 0. Suppose 0 = -u*z + 12, -z = -4*f - r*f + 13. Calculate the remainder when 9 is divided by f.
1
Suppose 441 = -10*b + 17*b. Calculate the remainder when b is divided by 25.
13
Let s = 373 - 2. Suppose 0 = 11*w - s - 25. What is the remainder when 1 - (-68 + 1) - -1 is divided by w?
33
Let g(z) = 6*z - 4*z**3 - 2*z + 8*z - 12*z**2 + 3*z**3 + 1. Calculate the remainder when g(-13) is divided by 32/6 + 4/(-12).
4
Let v = -211 + 266. Calculate the remainder when v is divided by 4.
3
Let f be (-4)/(-24)*15 - 9/(-6). Suppose -l + 4*r + 4 = 0, 88 = f*l + r + 4. What is the remainder when l is divided by 14?
6
Let p = 5 - 1. Suppose 11 = d - 3*k, -8 + 2 = 2*k. What is the remainder when p is divided by d?
0
Let v be (-1)/3 - (-102)/9. Let z be (-1 + v)*9/18. Suppose 9*q - z*q = 24. What is the remainder when 15 is divided by q?
3
Suppose z - 16 = -3*y, -3*z - 1 = 2*y - 14. What is the remainder when 39 is divided by -1*(-5 - 0/y)?
4
Let a(b) = 263*b - 9. What is the remainder when a(1) is divided by 51?
50
Suppose -7*k = -473 - 437. Calculate the remainder when k is divided by 34.
28
Calculate the remainder when 4/8*450/5 is divided by 18.
9
What is the remainder when 1288/24 - (-3)/9 is divided by 7?
5
Suppose -8 - 7 = -5*x. Let v(n) = 2 + 10*n - 6*n**x + 4*n**3 + 6*n**3 - 6*n**2 - 3*n**3. What is the remainder when v(7) is divided by 31?
28
Suppose 6*c - 2*c + 4 = 0, -3 = -s - 5*c. Suppose 4*n + 2*h = 18, 3*n + 15 = 6*n + 3*h. Calculate the remainder when s is divided by n.
0
Suppose 10*g - 88 = 302. Calculate the remainder when 84 is divided by g.
6
Suppose 74 - 64 = 2*k. Calculate the remainder when 158/((k - 4) + 1) is divided by 27.
25
Suppose -4*w + 48 = -0*p + 4*p, 3*w = 3*p - 24. Let y = -12 + 80. What is the remainder when y is divided by p?
8
Suppose 6 = 3*k - h, 3*h + 1 = 2*k + 4. Suppose 5*z + 8*j + 45 = 13*j, 0 = z - 4*j + 6. What is the remainder when 50 is divided by ((-6)/z)/(k/90)?
14
What is the remainder when 274 is divided by ((-12)/18)/(2/(-165))?
54
Suppose -20*v + 346 = -114. Calculate the remainder when 436 is divided by v.
22
Let b = -32 + 39. What is the remainder when b is divided by (-14)/(-2) + -3 + 0 + 3?
0
Suppose 2*g - 3*g = -10. What is the remainder when g is divided by (3 + -6)/((-22)/22)?
1
Let v = 1 - -4. Let q be (-1)/(1*1/(1 + -3)). Calculate the remainder when 192/14 - q/(-7) is divided by v.
4
Let r(u) = 23*u - 56. What is the remainder when r(5) is divided by 32?
27
Suppose 2 = 2*b - 2. Suppose 0 = 10*c + 28 - 118. What is the remainder when c is divided by b?
1
Suppose -25 = -30*l + 25*l. Suppose -5*p + l*n + 35 = 0, n - 7 = -5*p - n. What is the remainder when 11 is divided by p?
2
Let j(k) = -23*k + 1. Suppose 17*v - 21*v - 4 = 0. Let z be j(v). Suppose z = -3*y + 102. What is the remainder when y is divided by 15?
11
Let g be (-6)/(-21) - (-6)/(-21). Suppose 4*s + 2*j = -g*j + 8, 4 = -3*s - 4*j. Suppose -4 + 56 = s*x. Calculate the remainder when x is divided by 5.
3
Let l = -47 - -52. Suppose -f - r + 34 = 0, l - 2 = -3*r. What is the remainder when 139 is divided by f?
34
Suppose 5*a = -0*a + 5*r + 100, 4*a - 90 = -r. Calculate the remainder when 55 is divided by 229/11 - (-4)/a.
13
Suppose 3*d - 94 = 3*g - 4*g, 20 = 5*d. Calculate the remainder when g is divided by 19.
6
Suppose 4*g - 68 = -28. Suppose g*a - 12*a + 40 = 0. What is the remainder when a is divided by 11?
9
Let t(f) = -f**2 - 2*f + 11. Let u be (2 - 0/(-3)) + -2. Suppose 4*d - 9*d = -20. Calculate the remainder when t(u) is divided by d.
3
Let h(v) = -2*v + 5. Let n be (4 - (4 + 0))*1. Let f be h(n). Suppose -f*r + 6 + 69 = 0. What is the remainder when 59 is divided by r?
14
Let d(p) = -11*p - 7. Calculate the remainder when 2/(-5) + (-3496)/(-40) is divided by d(-2).
12
Let t(n) = 4*n**2 - n - 2. Let l = 147 - 88. Calculate the remainder when l is divided by t(3).
28
Suppose -19 + 61 = 6*r. Let y(b) be the first derivative of -2*b**3/3 + 7*b**2 + 3*b - 10. Calculate the remainder when 12 is divided by y(r).
0
Let z = -1863 - -1873. Suppose -122 = -g + 2*v, -4*g - 2*v = -0*g - 468. What is the remainder when g is divided by z?
8
Suppose -280 = -10*v - 100. Calculate the remainder when 70 is divided by v.
16
Let c(j) = -j**3 - 11*j**2 + j + 12. Let u be c(-11). Let m(l) = 4*l + 0 - 3 + 5 - u. What is the remainder when 13 is divided by m(1)?
3
Let y(b) = 100*b**2 - 2*b - 1. Suppose 0*m - m + 79 = 0. Suppose m = 4*a - 25. Calculate the remainder when y(-1) is divided by a.
23
Let j(x) = -76*x - 297. What is the remainder when 26 is divided by j(-4)?
5
Suppose -13168 = -0*n - 16*n. Calculate the remainder when n is divided by 59.
56
Let y = 51 - 26. Suppose -u = -66 + 59. What is the remainder when y is divided by u?
4
Let i be 2/2*(-2 - -4). Suppose i*b = 1 + 7. Suppose -5*y + 51 = -4*z, -6 = b*z + 10. Calculate the remainder when 26 is divided by y.
5
Suppose 20 = 5*f - 3*k, 4*k + 11 = 3*f - 1. Let o be (7 + -3)*-1 - 8. Let i = o + 19. Calculate the remainder when i is divided by f.
3
Let g be ((-1)/2)/(2/24). Let b(s) = -s**2 - 11*s - 3. Suppose -4*t = -5*c - 85, 0*t - 4*t = 5*c - 35. Calculate the remainder when b(g) is divided by t.
12
Let l = 129 - 38. Calculate the remainder when l is divided by 437/(-38)*(-4 + 0).
45
Let a = 5 - -54. Let s = 185 + -105. Let x = s - 70. What is the remainder when a is divided by x?
9
Let c = -20 + 27. Suppose -63 + 23 = -2*q. What is the remainder when q is divided by c?
6
Let l(q) = -7*q + 14. Let x(h) = 15*h - 29. Let f(b) = 5*l(b) + 3*x(b). What is the remainder when f(12) is divided by 21?
19
Suppose 0 = -2*u + 4*u - 42. Suppose 10*f - 150 = 4*f. Let j = -14 + f. What is the remainder when u is divided by j?
10
Suppose -2*y = 203 - 539. What is the remainder when y is divided by 11?
3
Suppose -46 = 5*x + 4*u, 4*u + 40 = -3*x - x. Calculate the remainder when 56 is divided by (-18)/x - 9/(-1).
8
Let c(f) = -15 + f + 4 - 1 + 2. Suppose -2*u = 5*x - 15, u - 6*u - 50 = -5*x. What is the remainder when c(17) is divided by x?
2
Let a(t) = -t**3 - t + 2 + 0*t**3 + t + t + 5*t**2. Let f be a(5). Suppose -2*r = p - 8 - 6, -r + f = -5*p. Calculate the remainder when r is divided by 4.
3
Suppose 4*u + s - 179 = 0, -s - 232 = -4*u - 43. Suppose 5*v - 34 = u. Calculate the remainder when v is divided by 5.
1
Let j(b) = 18*b + 573. Calculate the remainder when 1308 is divided by j(-28).
66
Let d be -1 - ((0 - -1) + 2). What is the remainder when ((-15)/(-10))/(d/(-72)) is divided by 15?
12
Calculate the remainder when 9*16 - (6 - 2) is divided by 48.
44
Suppose 2863 = -210*n + 213*n + 4*f, 3792 = 4*n - f. Calculate the remainder when n is divided by 25.
24
Suppose 3*x + 0*i - 3*i + 105 = 0, 3*x - 5*i = -109. Let u = 38 + x. Calculate the remainder when 15 is divided by u.
0
Let m(o) = -o**3 + 12*o**2 + 13*o + 5. Calculate the remainder when 52 is divided by m(13).
2
Suppose -4*j + 16 = 2*b, -4*b + 12 = -7*b. Let h(c) = c**2 - 4*c - 3. Calculate the remainde